factors of 53/f + (-4)/(-10)?
11
Let j(n) = n**3 - 7*n**2 - 6*n - 5. Let c be j(8). What are the prime factors of 572/c - (1 + 1)?
2, 5
Let c = 0 - 2. List the prime factors of 60/8 - 1/c.
2
Suppose -822 = -6*c - 30. Suppose -c = -6*h + 2*h. What are the prime factors of h?
3, 11
Let r(h) = 21*h - 1. Let c be r(1). Let x = -13 - -21. Suppose c = 5*k + 5*n, -3*k + 2*n - 23 = -x*k. List the prime factors of k.
5
Suppose -9*t = -4*t - 85. Let m = t + 11. List the prime factors of m.
2, 7
Suppose -104 = -3*o + 58. What are the prime factors of o?
2, 3
Suppose 191 + 862 = 13*t. List the prime factors of t.
3
Suppose 136 = -3*n + 7*n. List the prime factors of n.
2, 17
Let j = 629 + -323. What are the prime factors of j?
2, 3, 17
Let l = 6 + -4. List the prime factors of 0 + (2 - -6*l).
2, 7
Let l(y) = y. Suppose -16 = -5*g + 14. List the prime factors of l(g).
2, 3
Suppose 24 = 2*g + 2*g. Let n = 8 - g. Suppose -2*y - 8 = -2*a, 0*y = -n*a - y + 5. List the prime factors of a.
3
Let u(y) = 3*y**2 + 3*y + 4. Let c be u(-3). Suppose 2*d = d + c. List the prime factors of d.
2, 11
Suppose -3*o - 63 = 36. Let r = -16 - o. List the prime factors of r.
17
Let f(z) = z + 3. Let x(y) = 5*y. Let j be x(1). Suppose -j = -5*w + 20. List the prime factors of f(w).
2
Suppose 2*l = -4*i + 370, 0 = l - 4*l + 5*i + 500. What are the prime factors of l?
5, 7
Let f be 2*9 + (-5 - -3). What are the prime factors of ((-132)/f)/(3/(-8))?
2, 11
Let s = -7 - -6. List the prime factors of (-1 + -10)/s + -1.
2, 5
Let l(m) = m**3 - 3*m**2 + 3*m + 1. Let q be l(4). Suppose j - 14 = s, j = -0*j - 4*s + q. List the prime factors of j.
17
Let d = 25 + -60. Let x = d - -50. What are the prime factors of x?
3, 5
Let q(x) be the second derivative of 9*x**3/2 - x**2 - 6*x. What are the prime factors of q(1)?
5
Suppose -4*l - 19 = -2*k - 3, -4*k - 2*l + 2 = 0. Suppose 2 = -z - k*f + 3*f, -4*f = -16. Suppose -19 + 1 = -z*p. What are the prime factors of p?
3
Let m = 2 - 0. Suppose -32 = -2*o + m. Suppose -2*y = -4*y + 2, 4*h - o = -y. What are the prime factors of h?
2
Suppose 6*n - 2*n + 2*w = 48, 0 = -5*n + 3*w + 38. Suppose 5*i = 12 + 18. Suppose -3*c = -5*z - i, 6*c - z = c + n. What are the prime factors of c?
2
What are the prime factors of (68/(-5))/((-30)/75)?
2, 17
Let n be ((-16)/(-10))/(6/(-105)). Let j = -15 - n. What are the prime factors of j?
13
What are the prime factors of 1/(-2) + (-22)/(-4)?
5
Let u(z) = z. Let d(t) = 3*t. Let h(n) = -6*d(n) + 14*u(n). Let g be (1*-3)/((-18)/(-12)). List the prime factors of h(g).
2
Let l = 5 - 2. Suppose l*j - 8 = -j. Suppose -5*k + 4*d = -34, k + 2*d = 5*d - j. List the prime factors of k.
2, 5
Suppose 0 = 4*q - 2*q + 2*w - 198, -5*w - 265 = -3*q. What are the prime factors of q?
5, 19
Let l be (1/2)/((-5)/(-10)). Let u be (-168 - (l - 3))/(-2). Suppose 0 = -5*m - 8 + u. What are the prime factors of m?
3, 5
Let i(u) = u + 4. Let w be i(-8). Let v be (-1 - 0)/(4/w). Suppose -5*g - v = -11. What are the prime factors of g?
2
Suppose -v + 6 = -2*v. What are the prime factors of (-130)/v - (-6)/(-9)?
3, 7
Let r be (-1 - 2)*(-2)/(-3). Let k(d) = -3*d + 1. Let u be k(r). Let x = u + 2. What are the prime factors of x?
3
Let u(s) be the first derivative of -s**3/3 + s**2 + 4*s - 1. Let d be u(3). List the prime factors of (-1 - 1 - -11) + d.
2, 5
Let v(t) = t**2 - 5*t - 2. Let n be v(6). Let u = n - -4. List the prime factors of u.
2
Suppose -5*m = -0*m + 160. Let l = -17 - m. What are the prime factors of l?
3, 5
Let i = 11 + -11. Suppose -4*z + 2*v + 73 = -5, -3*z - v + 51 = i. What are the prime factors of z?
2, 3
Let m = 478 - 169. List the prime factors of m.
3, 103
Let k = 149 - 89. Let t = -40 + k. Let s = t - 7. List the prime factors of s.
13
Suppose -7*q + 30 = -2*q. List the prime factors of 39/(q*(-1)/(-4)).
2, 13
Suppose 6*v - 11 = 2*v - 5*s, 5*s = -5. Let r(q) = -q**2 + 4*q + 4. Let t be r(v). What are the prime factors of -1*-1*(t - -1)?
5
Suppose 3*h = -5*i + 74, -3*h + 90 = 3*i + 6. Let v(c) = -c**2 + 4*c. Let s be v(3). Suppose s - h = -2*w. What are the prime factors of w?
3, 5
Let y(c) = -c**2 + 4*c + 2. Let q be y(4). List the prime factors of q/(((-6)/(-33))/1).
11
Suppose -8 - 27 = -c. Let d = c - 18. List the prime factors of d.
17
List the prime factors of 8/(40/39)*(-50)/(-2).
3, 5, 13
Let f = 7 - 16. Let k(q) be the second derivative of q**5/20 + 2*q**4/3 - 11*q**3/6 - 11*q**2/2 - 3*q. List the prime factors of k(f).
7
Let i = 54 + 14. List the prime factors of i.
2, 17
Let q(p) = -32*p**3 - 3*p**2 - 3*p - 1. What are the prime factors of q(-1)?
31
Let p = -4 - -2. List the prime factors of (120/18)/(p/(-6)).
2, 5
Let k(m) = m - 11. List the prime factors of k(15).
2
Let q(b) = b**3 + 9*b**2 + 5*b - 11. Let g be q(-8). What are the prime factors of g/1 - (7 - 4)?
2, 5
Suppose 3*b - 40 = -b. What are the prime factors of b?
2, 5
Suppose 0 = w - 3*o - 66, -o = -2*w + 2*o + 132. What are the prime factors of w?
2, 3, 11
Let i(k) be the third derivative of 0*k + 0 + 0*k**3 - 1/60*k**5 - 2*k**2 - 1/4*k**4. What are the prime factors of i(-5)?
5
Let m = 2 + -2. Let j be 1 + 6/(-3) - -10. Suppose 3*g - j + 0 = m. List the prime factors of g.
3
Suppose -14 = 6*y - 8*y. List the prime factors of y.
7
Suppose -1 = 2*j - 15. Suppose 2*f = -3 + j. Suppose f = g - 11. List the prime factors of g.
13
Suppose x = -3, 0*x + 1214 = 4*l - 2*x. What are the prime factors of l?
2, 151
Suppose -8*v + 15 = -7*v. List the prime factors of v.
3, 5
Let m = 273 + -160. What are the prime factors of m?
113
Suppose -11 = 3*o + 1. Let i = -2 - o. Suppose 0 = -2*c - i*c + 44. List the prime factors of c.
11
Let s(x) = -x + 1. Let b be s(1). Suppose 2*d - r - 3*r - 28 = b, d - r - 9 = 0. List the prime factors of (7*-1)/(d/(-4)).
7
Let n = 1 - -25. Let r = 40 - n. List the prime factors of r.
2, 7
Let g be 2/(-4) - (-90)/4. Let s = -7 + 21. Let u = g - s. What are the prime factors of u?
2
What are the prime factors of 2 + 36 - -2 - 0?
2, 5
Let y = -17 - -42. List the prime factors of y.
5
Let n(h) = h**2 - 4*h - 5. Let l(r) = -1. Let y(s) = 3*l(s) + n(s). Let k be y(6). List the prime factors of 15/10*k/3.
2
Let h = 36 - 57. Let o be ((-4)/(-1) + 6/(-1))*4. What are the prime factors of h/(-4) - (-2)/o?
5
Let h = -6 - -38. What are the prime factors of h?
2
Suppose -i + 0*j + j + 13 = 0, 4*i + 4*j - 52 = 0. What are the prime factors of i?
13
Let g(c) = c**3 - 3*c**2 + 2. Let v = 8 - 5. Let j be g(v). Suppose -8 = -j*q - 2*z, -2*z = -q - 0 - 2. List the prime factors of q.
2
Let q(u) = 2*u**2 + 15*u - 20. What are the prime factors of q(10)?
2, 3, 5, 11
Suppose 3*y - 4*y = -4. Let b = 7 - y. Suppose 22 = 2*d + b*f - 7*f, -2*d + 5*f = -21. What are the prime factors of d?
13
Let b(p) = -2*p - 4. List the prime factors of b(-7).
2, 5
Suppose -2*t = 2*z - 106, 33 + 23 = t + 2*z. What are the prime factors of t?
2, 5
Let f be 7 - 7 - (-1 + -1). Suppose -69 = -f*g - g. What are the prime factors of g?
23
Suppose 3 = 6*r - 5*r. Suppose r*u = -2*u + 25. List the prime factors of u.
5
Let c = 3 - -61. What are the prime factors of c?
2
Suppose -h + 18 = -7*d + 2*d, 4*h + 4*d + 24 = 0. Let u = 3 + h. List the prime factors of 1*(u - (-1 - 5)).
7
Let a(d) be the first derivative of 7*d**3/3 - 3*d**2/2 + d - 2. List the prime factors of a(2).
23
Suppose -3*t + 2*n = -19, 4*t + 0*t - 5*n - 30 = 0. Suppose -3*f - 2*s + 73 = 0, 0*s - s = t*f - 124. What are the prime factors of f?
5
Let a(w) = 2*w**2 - w + 1 + 6*w**2 + w**3 - 7. Let o be a(-8). Suppose 0 = j + 5*q + 2, 2*j + 0*j = -o*q + 4. List the prime factors of j.
3
Let h = -5 + 4. Let s be (h - (-3 + 2)) + 61. Suppose 3*y = s - 22. What are the prime factors of y?
13
Let t be 15/4 + (-1)/(-4). Let s be (2 - 1)/(19/76). Suppose 0 = s*g - x + t*x - 41, 2*x - 14 = -g. List the prime factors of g.
2
Let a(q) = 20*q**3 + 4*q**2 - 5*q. Let y(k) = -19*k**3 - 3*k**2 + 4*k. Let r(n) = -4*a(n) - 5*y(n). What are the prime factors of r(1)?
2, 7
Suppose -2 = -2*c - 36. Let q = 19 - 49. Let x = c - q. List the prime factors of x.
13
Let z be ((-28)/(-20) - 1)*5. Suppose 2*b - 50 - z = 0. What are the prime factors of b?
2, 13
Let h be (0 + 3/(-6))*0. Suppose h = -0*s - s + 15. List the prime factors of s.